) = h**3 + 4*h**2 - 4*h - 5. Determine x(-5).
-10
Let h(o) = -o**2 - 7*o + 47. Calculate h(-9).
29
Let p(h) = h**2 + h - 3. Give p(-2).
-1
Let v(l) = l**2 + 2. Calculate v(1).
3
Let v(i) = 19*i - 2. Give v(2).
36
Let o(h) = 6*h + 62. What is o(15)?
152
Let k(s) = 4*s - 26. Determine k(-6).
-50
Let s(k) = k**2 - 3*k - 2. Calculate s(3).
-2
Let h(j) = j**2 - j + 1. Calculate h(0).
1
Let b(v) = -v**2 + 7*v + 49. Give b(-4).
5
Let m(b) = b**3 + 26*b**2 - b - 6. Determine m(-26).
20
Let t(v) = 9*v - 4. Give t(1).
5
Let k(v) = -2*v**2 + 17*v + 23. Determine k(10).
-7
Let w(t) = t**2 - 10*t - 5. Calculate w(6).
-29
Let u(a) = a + 4. Give u(6).
10
Let p(y) = 2*y**2 - y - 1. Determine p(1).
0
Let p(h) = -h**3 + 9*h**2 - 11*h - 35. Give p(6).
7
Let l(a) = -2*a - 10. Calculate l(-6).
2
Let w(x) = x**2 + 11*x + 10. Give w(-6).
-20
Let k(z) = 4*z - 21. What is k(9)?
15
Let g(v) = 11*v - 3. Determine g(-1).
-14
Let j(i) = -i**3 - 10*i**2 - 6*i + 28. Give j(-9).
1
Let i(x) = -x**3 + 14*x**2 + 141*x - 37. What is i(-7)?
5
Let h(m) = m**2 + 8*m - 2. What is h(-7)?
-9
Let d(z) = -2*z**3 + 41*z**2 - 17*z - 49. Calculate d(20).
11
Let u(m) = 2*m - 22. Give u(6).
-10
Let h(f) = -4*f**3 + 3*f**2 - f + 1. What is h(2)?
-21
Let t(u) = -u**3 + 5*u**2 + 2*u + 8. Determine t(6).
-16
Let z(i) = i**2 + 3*i + 3. What is z(-3)?
3
Let o(v) = v**3 + 13*v**2 + 12*v + 30. Calculate o(-12).
30
Let s(c) = -2*c**2 - 6*c + 72. Determine s(-8).
-8
Let x(l) = -2*l + 13. Determine x(10).
-7
Let i(t) = 16*t + 42. Determine i(-3).
-6
Let w(h) = -h**3 + 3*h**2 - 8. Calculate w(7).
-204
Let y(k) = -k + 2. Determine y(-5).
7
Let d(v) = v**2 - 46*v - 272. Determine d(51).
-17
Let b(d) = 12*d - 49. Calculate b(6).
23
Let r(n) = 9*n - 7. Calculate r(2).
11
Let s(r) = -93*r - 1. Determine s(1).
-94
Let u(c) = -9*c - 53. Determine u(-4).
-17
Let y(x) = -x**3 + 33*x**2 - 35*x + 70. Calculate y(32).
-26
Let p(a) = -a**3 + 40*a**2 + 81*a + 115. Give p(42).
-11
Let t(g) = 2*g**3 - 8*g + 19. What is t(3)?
49
Let b(u) = u**3 + u**2 - 5*u - 2. Give b(-3).
-5
Let g(o) = -10*o**2 + o - 1. What is g(1)?
-10
Let x(s) = -s**3 - 20*s**2 - 2*s - 12. What is x(0)?
-12
Let k(v) = -v**3 - 12*v**2 - 12*v - 4. Calculate k(-11).
7
Let j(g) = 4*g**3 - 3*g**2 + 2*g - 3. What is j(2)?
21
Let z(o) = 10*o + 119. Give z(-12).
-1
Let v(q) = q**3 - 32*q**2 - 65*q - 114. Calculate v(34).
-12
Let k(i) = -i**3 + 4*i**2 + 16*i - 13. Determine k(6).
11
Let g(m) = -4*m + 4. Calculate g(5).
-16
Let v(m) = m**3 + 11*m**2 - m - 12. What is v(-11)?
-1
Let z(v) = -v**3 - v**2 - 3*v - 3. What is z(0)?
-3
Let t(o) = o**2 + 7*o + 7. Give t(-6).
1
Let q(o) = o**3 + 14*o**2 - o + 3. What is q(-14)?
17
Let j(t) = 4*t - 13. What is j(14)?
43
Let w(v) = v - 14. Determine w(9).
-5
Let j(o) = -o**3 + 8*o**2 - 4*o - 5. Calculate j(7).
16
Let o(t) = -t**3 + 12*t**2 - 11*t + 8. Determine o(11).
8
Let i(n) = n**3 + 12*n**2 + 31*n + 9. What is i(-3)?
-3
Let j(c) = c**2 + 15*c + 22. What is j(-16)?
38
Let q(h) = -h**3 + 6*h**2 - 7*h + 7. What is q(5)?
-3
Let r(v) = 2*v**2 - 62*v. Calculate r(31).
0
Let y(g) = -g**3 - 22*g**2 - 19*g + 47. Determine y(-21).
5
Let g(p) = p**3 + 2*p**2 + 3*p. Calculate g(-3).
-18
Let y(i) = 3*i - 7. Determine y(3).
2
Let j(y) = -y**3 - 8*y**2 + 10*y + 21. What is j(-9)?
12
Let h(p) = 2*p**2 - 14*p + 3. Calculate h(7).
3
Let o(i) = 4*i - 2. Determine o(2).
6
Let k(j) = j**3 + 4*j**2 + 4*j + 8. Determine k(-4).
-8
Let u(a) = -6*a**2 + 20*a - 1. What is u(3)?
5
Let m(i) = -5*i + 30. Give m(5).
5
Let a(i) = i**3 + i - 1. What is a(1)?
1
Let w(o) = o**3 - o**2 - 3*o + 4. What is w(3)?
13
Let h(a) = 33*a - 2. What is h(-1)?
-35
Let z(d) = d**2 - 11*d - 13. Give z(13).
13
Let j(f) = 2*f + 24. Determine j(-6).
12
Let r(q) = q**2 - 8*q - 81. Give r(14).
3
Let m(g) = 9*g**2 + 1. Calculate m(1).
10
Let z(x) = -x**3 - 6*x**2 - 9*x - 15. What is z(-5)?
5
Let x(a) = a**3 - 7*a**2 + 6*a - 6. What is x(6)?
-6
Let m(d) = -2*d + 10. Determine m(17).
-24
Let m(c) = -c**3 + 4*c**2 - 4. What is m(3)?
5
Let g(n) = -n**2 - 7*n + 21. Give g(-9).
3
Let n(w) = -9*w - 4. Give n(-3).
23
Let c(h) = -3*h**2 - h + 12. Determine c(3).
-18
Let w(j) = -j**3 - 7*j**2 - 9*j - 8. What is w(-6)?
10
Let b(l) = -3*l - 8. Determine b(6).
-26
Let f(c) = -2*c**2 - 54*c + 120. What is f(-29)?
4
Let l(b) = b + 9. Calculate l(-15).
-6
Let n(p) = -p**2 - 17*p - 32. Determine n(-14).
10
Let u(z) = 2*z**2 - 69*z + 462. What is u(9)?
3
Let p(s) = s**2 + 30*s + 3. Give p(-30).
3
Let j(r) = -13*r**3 - 3*r**2 - 2*r + 1. Determine j(-2).
97
Let l(a) = 9*a**2 + 4*a. Calculate l(-2).
28
Let d(i) = 40*i + 197. Determine d(-4).
37
Let m(x) = 2*x**2 - x - 2. What is m(-3)?
19
Let c(r) = 2*r + 1. Determine c(-3).
-5
Let g(k) = 3*k + 3. Calculate g(-3).
-6
Let l(y) = -y**3 + 22*y**2 + 25*y - 45. Determine l(23).
1
Let x(k) = -3*k + 77. Give x(22).
11
Let f(d) = d**2 - 5*d - 24. What is f(8)?
0
Let h(p) = -p**3 - 20*p**2 - 36*p - 11. What is h(-18)?
-11
Let j(k) = -6*k + 3. Calculate j(-3).
21
Let f(o) = 4*o - 91. Give f(23).
1
Let u(y) = y**2 + 2*y - 7. Give u(-8).
41
Let r(p) = -3*p**2 - 139*p + 97. Give r(-47).
3
Let q(n) = -58*n - 31. What is q(2)?
-147
Let f(l) = -5*l**3 - 4*l - 3. Determine f(-1).
6
Let t(y) = y + 10. Give t(9).
19
Let g(z) = -z**3 + 5*z**2 - 6*z + 10. Determine g(4).
2
Let j(i) = -11*i - 29. Calculate j(-10).
81
Let b(d) = d**2 + 4*d + 6. Calculate b(5).
51
Let k(m) = -m**3 + 7*m**2 - 8*m + 8. Give k(6).
-4
Let v(u) = u**3 + 2*u**2 - 11*u - 25. What is v(-3)?
-1
Let b(c) = 9*c + 83. Determine b(-8).
11
Let h(v) = -2*v + 10. Give h(-4).
18
Let k(d) = -d**3 + 13*d**2 - 2. Calculate k(13).
-2
Let i(w) = -w**3 - 4*w**2 - 2*w - 17. What is i(-4)?
-9
Let o(k) = k**2 + 3*k - 7. Determine o(-5).
3
Let q(h) = -37*h + 29. Give q(1).
-8
Let l(x) = -x**2 + 11*x - 4. Determine l(7).
24
Let q(f) = f**2 + 22*f + 7. Determine q(-20).
-33
Let q(l) = -4*l**2 + 51*l - 17. Calculate q(12).
19
Let t(y) = -y**3 - 3*y**2 - 4*y - 10. Calculate t(-5).
60
Let u(a) = 29*a + 265. Give u(-9).
4
Let o(t) = -3*t + 2. Determine o(-2).
8
Let j(y) = -y**3 - 9*y**2 + 9*y + 19. Calculate j(-10).
29
Let i(p) = p + 8. Give i(-7).
1
Let o(c) = c**3 + 2*c**2 - 4*c - 7. What is o(-3)?
-4
Let q(k) = -6*k - 34. Give q(-7).
8
Let w(y) = -y**3 - 11*y**2 + 2. Give w(-11).
2
Let b(x) = x**3 - 18*x**2 - 10. Calculate b(18).
-10
Let u(j) = 2*j**2 + 45*j + 108. Calculate u(-20).
8
Let t(g) = -6*g + 155. What is t(25)?
5
Let y(w) = w**2 - 3*w - 18. What is y(-3)?
0
Let r(h) = -13*h + 4. What is r(1)?
-9
Let m(w) = w**3 + 11*w**2 + 10*w + 4. Give m(-10).
4
Let f(q) = -q**2 - q + 5. What is f(2)?
-1
Let x(a) = 17*a + 11. Determine x(-7).
-108
Let y(n) = 8*n + 27. Determine y(-4).
-5
Let i(n) = n**3 + n**2 - n - 2. Calculate i(-2).
-4
Let a(b) = -b - 4. Determine a(4).
-8
Let c(h) = 2*h + 24. Determine c(-12).
0
Let i(q) = -q**2 - q - 2. Calculate i(4).
-22
Let f(z) = -z**3 + 24*z**2 + 32*z - 194. Calculate f(25).
-19
Let w(t) = -24*t - 163. Give w(-7).
5
Let q(j) = j**3 + 4*j**2 + 3*j + 6. Give q(-4).
-6
Let b(q) = -3*q**2 - 23*q + 9. What is b(-8)?
1
Let x(q) = -40*q - 200. Give x(-5).
0
Let b(c) = -5*c - 89. Calculate b(-19).
6
Let s(l) = -l**2 + 16*l + 24. What is s(17)?
7
Let s(i) = -i**2 - 57*i + 369. What is s(-63)?
-9
Let w(t) = t**2 + 12*t - 5. What is w(-10)?
-25
Let s(z) = -z**3 + 9*z**2 + 11*z - 6. What is s(10)?
4
Let m(c) = c**2 - c - 27. Determine m(-4).
-7
Let i(t) = -t**2 - 9*t + 4. Give i(-12).
-32
Let d(v) = 2*v**2 + 13*v - 1. Give d(-6).
-7
Let o(s) = 3*s - 35. Give o(5).
-20
Let m(w) = -20*w - 53. What is m(-3)?
7
Let j(w) = -2*w**2 - 80*w - 75. What is j(-39)?
3
Let q(o) = -2*o**2 - 14*o + 47. Determine q(-10).
-13
Let c(s) = 4*s + 19. Calculate c(-6).
-5
Let v(d) = -d**3 - 9*d**2 - 3*d - 13. Calculate v(-7).
-90
Let j(y) = -5*y**2 + y - 2. Calculate j(-3).
-50
Let o(i) = i**3 - 3*i**2 - 7*i + 11. Calculate o(6).
77
Let n(o) = o**2 + 9*o - 19. Calculate n(-9).
-19
Let s(f) = f**2 - 4*f - 27. Give s(8).
5
Let v(h) = -6*h + 8. Calculate v(23).
-130
Let k(h) = 4*h + 81. Determine k(-13).
29
Let p(o) = o**3 - 18*o**2 + 13*o + 8. Calculate p(17).
-60
Let x(h) = 2*h + 7. Calculate x(-6).
-5
Let s(q) = 5*q + 39. What is s(-3)?
24
Let f(p) = -p**3 - 11*p**2 + 9*p + 13. What is f(-12)?
49
Le